e factors of f?
7, 61, 67
Suppose 3*f + 6 = 4*k - 3*k, 4*f = -8. Suppose k = -12*i + 11*i + 9. List the prime factors of (-3)/i*2*210/(-2).
2, 5, 7
Suppose -a = 3*i - 10 - 0, 0 = -5*a + 5*i - 30. Let c(o) = 17*o**2 - 11*o - 18. What are the prime factors of c(a)?
2, 3
What are the prime factors of ((-117)/65)/((-6)/8 - (-478980)/638800)?
2, 3, 1597
Let i(n) = n**3 + 31*n**2 - 16*n + 27. Let y(k) = k. Let w(a) = i(a) + 2*y(a). List the prime factors of w(-31).
461
Let t be 4/10 + 4465/25. Suppose 612 = -5*j - 4*g, 0 = 4*j + 5*g - 237 + 723. Let q = j + t. What are the prime factors of q?
5, 11
Let w(m) = -4*m**2 + 19*m - 13. Let o be w(4). List the prime factors of (-7440)/(-96)*(1 - o).
5, 31
Suppose 6*p + 30*p + p = 942797. What are the prime factors of p?
83, 307
Let w be (-1)/(-5 - 10947/(-2190)). Let p = w + -292. List the prime factors of p.
2, 3, 73
Suppose 0 = 4*s - 5747 + 955. Let w = s - 606. What are the prime factors of w?
2, 37
Suppose 7*u = 33 - 12. Suppose -u*n - y + 849 = 0, 59 = n - 4*y - 237. What are the prime factors of n?
2, 71
Suppose 0 = 102*c - 104*c + 4*p + 20048, -4*c - 4*p = -40048. What are the prime factors of c?
2, 313
Let y be (308/(-84))/((-1)/6). Suppose 38*b - y*b - 9856 = 0. What are the prime factors of b?
2, 7, 11
Suppose -6*b + 53524 = 17*b - 88225. List the prime factors of b.
6163
Suppose -61*j + 91*j - 288030 = 0. What are the prime factors of j?
9601
Suppose 3*j + 74 = y - 6*y, 3*j + y = -82. Let m be (-1056)/(-21) - (-8)/j. Let c = 53 - m. List the prime factors of c.
3
Let m(s) be the second derivative of 5/2*s**3 + 0 - 3*s + 49/2*s**2. List the prime factors of m(11).
2, 107
Let h(s) = 1505*s**3 - s**2 + s - 1. What are the prime factors of h(1)?
2, 47
Let v = 47567 + -40680. What are the prime factors of v?
71, 97
Let x be 60/(-8)*2*2/2. Let o be (-20)/x*3 + 1 + -3. List the prime factors of (-5 - -3)*o + 47.
43
Let h = 54 - 27. Let q = h - 33. What are the prime factors of 278/3 + q/9?
2, 23
Let m = 1926 - 1148. List the prime factors of m.
2, 389
Suppose -5 = 2*q - 3*q. Suppose 5*i = 4*y - 4, q*i + y = -3*y + 4. Suppose 10*l - 653 - 567 = i. List the prime factors of l.
2, 61
Suppose 5*y - 148 = 77. Let w = 163 - y. What are the prime factors of w?
2, 59
Suppose -48*u - a = -43*u - 178177, 4*a + 178142 = 5*u. List the prime factors of u.
2, 3, 5939
Let j be (-16)/(-7) + (-4)/14. Suppose -61*m + 93*m = 1184. Suppose -4*c - 2*g = -532, j*c - 4*g - 209 - m = 0. List the prime factors of c.
131
Let w = -148 - -4830. List the prime factors of w.
2, 2341
Suppose 2*p + 13 = 5*k + 90, 31 = -3*k + 5*p. Let l(w) = 3*w**2 + 48*w - 16. List the prime factors of l(k).
5, 7
Suppose -26*u + 33 = -138001. List the prime factors of u.
5309
Let t(l) = l**2 + 19*l + 36. Let k be t(-17). Suppose -k*i + 853 = -5*d - 404, i - 5*d - 636 = 0. List the prime factors of i.
3, 23
Let b(w) = -5*w - 99. Let t be b(-23). Suppose -t*n = -453 - 1227. List the prime factors of n.
3, 5, 7
Let g(h) be the third derivative of 1/60*h**5 + 0 - 1/3*h**4 + 3/2*h**3 + 0*h - 3*h**2. What are the prime factors of g(9)?
2, 3
Let h(p) = 225*p**2 + 104*p + 2. What are the prime factors of h(-6)?
2, 3739
Suppose -82*d = 96*d - 929434 - 1124508. List the prime factors of d.
11, 1049
Let d = -26 - -37. Let q = 14 - d. Suppose -5*s + q*a + 80 = -1, -4*s = -4*a - 60. List the prime factors of s.
2, 3
Suppose 19*f + 45144 = -17*f. Let t = f + 2445. What are the prime factors of t?
3, 397
Let h(s) = -s**2. Let v(f) = 8*f**3 + 7*f**2 + 38. Let l(g) = -6*h(g) - v(g). List the prime factors of l(-4).
2, 229
List the prime factors of (-11457)/(-15) - 1288/460.
761
Suppose 30*i - 29*i - 1873 = -h, 2*h = 4*i + 3740. List the prime factors of h.
2, 3, 13
Let t(i) = -2*i - 1. Let x be t(-1). Suppose 0 = 4*f - 2*b + 48, -18 = f + 2*b - 1. List the prime factors of (21 - x)/(f/(-52)).
2, 5
Suppose -2*x + 15098 = 73*x - 52. List the prime factors of x.
2, 101
Let x = -35 - -80. Let h be x/10*-2 + 3. What are the prime factors of ((-3)/h)/(2/312)?
2, 3, 13
Let y = 17 + -22. Let b be ((-101)/y - 2) + (-40)/(-50). Let i = b + 38. What are the prime factors of i?
3, 19
Let p(h) = -287*h + 4. Let m be p(14). Let r be (-6)/10 - (m/15 + 4). Suppose r = 5*f + 18. List the prime factors of f.
7
Let n = 204052 - 115330. List the prime factors of n.
2, 3, 31, 53
Let b(p) = -38*p - 29. Let z = 90 - 88. Suppose -z*v = 16 - 6. List the prime factors of b(v).
7, 23
Suppose -7 = b - 19. Suppose 5*i + 2282 = b*i. Let u = i - 230. List the prime factors of u.
2, 3
Let b(w) be the first derivative of 61*w**3/3 - w**2 + 7*w - 81. What are the prime factors of b(4)?
3, 5, 13
Suppose 12*w - 15*w + 6 = -3*k, -2*k - 9 = -3*w. Suppose 4*l - 3*z - 153 = 0, 3*l + k*z = -2*l + 198. List the prime factors of l.
3, 13
Let i be (1/2 + -2)/(72/(-96)). Suppose i*c + c = -4*s + 1096, 4*c = -s + 287. What are the prime factors of s?
271
Let g = 851 + -475. Let k(v) = -7*v - 233. Let p be k(4). Let a = g + p. List the prime factors of a.
5, 23
Let h(d) = -3*d**2 + 2*d**2 - 89 + 3*d**3 - d**3 + 62. Let v be h(0). What are the prime factors of (v/(-2))/((-3)/(-44))?
2, 3, 11
Suppose -1391*s = -1396*s + 27675. List the prime factors of s.
3, 5, 41
Let u = 383 - 381. Suppose 0 = -u*r + 220 + 260. What are the prime factors of r?
2, 3, 5
Let h be 210/56 - (-6)/(-8). Suppose -2*u = -3*u + h. Suppose u*y + y - 560 = 0. List the prime factors of y.
2, 5, 7
Suppose -964*v + 971*v = 0. Suppose -2*b + 3*b - 1380 = v. List the prime factors of b.
2, 3, 5, 23
Let i = -64 - -214. Let j = i + -73. What are the prime factors of j?
7, 11
Let m = 69 + -79. Let y be 15*((-6)/m)/1. Let b(h) = h**2 + 3*h + 17. What are the prime factors of b(y)?
5
Suppose -4*c + 27901 + 8530 = 3*k, k = 5*c + 12169. List the prime factors of k.
12149
Let s = 96 + -93. Suppose -s*a = 4*r - 25 - 3, 4 = -2*a + 3*r. Suppose -4*h - 2*v + 48 = 0, -a*v - 12 - 4 = 0. List the prime factors of h.
2, 7
Let p(z) = -z**2 - 6*z - 3. Let a = 39 + -41. Let f be p(a). Suppose -f*l + 150 = -4*d, 4*l = 2*d + 76 + 38. List the prime factors of l.
2, 13
Suppose 0 = 2*q - 3*q + 548. Let v = -283 + q. Suppose 4*u - 2*y - 339 - 11 = 0, 3*u - 2*y = v. List the prime factors of u.
5, 17
Let d(o) = -o**3 + 8*o**2 - 15*o + 2. Let x be d(3). List the prime factors of ((-792)/(-40) - 1)/(x/5).
47
Suppose -908727 - 355680 + 154807 = -190*m. List the prime factors of m.
2, 5, 73
Let j(m) = -2*m**3 + 10*m**2 + 54*m + 51. What are the prime factors of j(-12)?
3, 1433
List the prime factors of (32794/(-95))/(6/(-15)).
863
Let a = 299 + -292. Suppose 0 = -3*s - 5*h + 530, -2*h + a*h = -2*s + 360. List the prime factors of s.
2, 5, 17
Suppose -9956 + 606 = 10*j. Let f = -421 - j. What are the prime factors of f?
2, 257
Let u(s) be the first derivative of s**4/4 - 16*s**3/3 + 11*s + 50. What are the prime factors of u(16)?
11
Suppose -5*k + 5606 + 16656 + 3643 = 0. List the prime factors of k.
3, 11, 157
Let x be 6 + -5 - -1*33. Suppose 0*f + j - x = -3*f, -2*f + 6 = 4*j. Suppose -9 = -2*i + f. List the prime factors of i.
11
Let o(y) = -60*y**3 + 2*y**2 + 8*y + 14. Let s be o(-3). Let i = -1050 + s. List the prime factors of i.
2, 17
Let y(m) = 2*m**3 - 10*m**2 + m + 246. List the prime factors of y(14).
2, 947
Let t(h) be the first derivative of -h**3/3 - 4*h**2 + 5*h + 13. Let u be t(5). List the prime factors of 18/3*u/(-18).
2, 5
Let m = -438 - -316. Let i = m - -511. What are the prime factors of i?
389
Let h(u) = -194*u - 839. List the prime factors of h(-5).
131
List the prime factors of (-4 - (-77)/22)/((-4)/60136).
7517
Suppose -3*g + 9 = 0, 3*l - 3*g + 7452 = 6*l. List the prime factors of l.
3, 827
Let p = 72 + -12. Let s be (p/(-9))/(4/102). Let r = -107 - s. What are the prime factors of r?
3, 7
Let o = -60 + 132. What are the prime factors of o/(-10)*(-1)/((-4)/(-40))?
2, 3
Let t(a) = a**2 + 14*a - 15. Let q = 6 - 21. Let l be t(q). Suppose 2*r = 5*k - 320, 3*k = -5*r - l*r + 161. What are the prime factors of k?
2, 31
Let a = -228 - -615. Let g = -40 + a. What are the prime factors of g?
347
Let h(w) = -798*w + 646. What are the prime factors of h(-6)?
2, 11, 13, 19
Let z(v) = -5*v**3 - 3*v**2 - 5*v - 1. Suppose 32*y + 40 = 36*y. Let o be ((-16)/y)/